 to base 16
48b
What is 3b47 (base 12) in base 10?
6823
What is -911 (base 13) in base 10?
-1535
What is 2b2a (base 12) in base 4?
1033102
Convert 111110001 (base 2) to base 5.
3442
Convert -a8 (base 16) to base 11.
-143
Convert -434 (base 8) to base 7.
-554
What is 10442 (base 8) in base 10?
4386
-8 (base 15) to base 9
-8
Convert -1b31 (base 12) to base 6.
-23301
What is -1229 (base 13) in base 3?
-10112012
What is 43851 (base 9) in base 8?
70705
212200 (base 3) to base 4
21333
What is -656 (base 13) in base 6?
-5005
Convert 6372 (base 13) to base 6.
143450
Convert -3515 (base 7) to base 11.
-a6a
-13157 (base 10) to base 8
-31545
2040 (base 7) to base 3
222110
605 (base 10) to base 16
25d
Convert 11406 (base 7) to base 9.
4033
Convert -10060 (base 7) to base 14.
-c67
What is 3856 (base 9) in base 8?
5506
What is -5acc (base 16) in base 8?
-55314
Convert -88c9 (base 14) to base 8.
-56221
-2211 (base 5) to base 9
-370
434 (base 9) to base 8
543
Convert 277 (base 14) to base 5.
3442
What is -18739 (base 11) in base 14?
-977c
-921 (base 12) to base 16
-529
54 (base 15) to base 6
211
Convert -28a5a (base 11) to base 3.
-2002112010
What is -399 (base 13) in base 4?
-21321
What is 39 (base 13) in base 5?
143
Convert -29b (base 14) to base 6.
-2241
What is 102 (base 10) in base 12?
86
What is 330 (base 10) in base 13?
1c5
-10b (base 15) to base 5
-1421
11000002 (base 4) to base 5
1123412
-40002 (base 7) to base 15
-2ca6
31787 (base 11) to base 2
1011010001110100
-48a7 (base 14) to base 5
-401231
Convert 115020 (base 6) to base 10.
10164
Convert -1000101110 (base 2) to base 5.
-4213
What is -2266 (base 9) in base 8?
-3220
-245142 (base 8) to base 3
-11022000112
Convert 2230203 (base 4) to base 8.
25443
120 (base 9) to base 12
83
Convert 454102 (base 7) to base 5.
10040111
781 (base 14) to base 7
4221
What is 10024 (base 5) in base 14?
339
76 (base 11) to base 2
1010011
What is -1302 (base 6) in base 2?
-101000110
What is -260a (base 13) in base 15?
-1913
What is 4310 (base 5) in base 2?
1001000100
What is 122 (base 14) in base 6?
1014
Convert 314 (base 11) to base 4.
11322
Convert -539a (base 13) to base 14.
-433d
2aa (base 15) to base 11
505
-3033 (base 5) to base 9
-476
What is b33 (base 15) in base 5?
40043
Convert -1e0a (base 16) to base 10.
-7690
-116 (base 10) to base 12
-98
Convert 1ca8 (base 13) to base 5.
114423
What is 254 (base 10) in base 9?
312
What is -29704 (base 10) in base 9?
-44664
-8a9 (base 11) to base 2
-10000111111
-10136 (base 8) to base 7
-15134
-210120 (base 3) to base 4
-21012
What is -9539 (base 14) in base 5?
-1310402
Convert 122583 (base 9) to base 12.
36a79
Convert -3085 (base 14) to base 12.
-49b9
What is -35713 (base 8) in base 12?
-8a37
What is 2300 (base 5) in base 4?
11011
What is 11011111010 (base 2) in base 16?
6fa
Convert -13533 (base 11) to base 12.
-b1a3
Convert -12031 (base 12) to base 5.
-1233404
Convert 57a (base 13) to base 16.
3b2
What is 42a (base 15) in base 10?
940
-1131 (base 4) to base 12
-79
Convert -627 (base 14) to base 8.
-2273
Convert -62413 (base 7) to base 16.
-3bc2
What is -43233 (base 5) in base 10?
-2943
Convert -81a (base 11) to base 2.
-1111011101
What is 20ba (base 15) in base 5?
210200
What is 1110010100110 (base 2) in base 16?
1ca6
What is 1423 (base 15) in base 16?
10d4
2321 (base 5) to base 2
101010000
-4599 (base 10) to base 12
-27b3
-536 (base 7) to base 10
-272
Convert -1000011101010 (base 2) to base 15.
-143a
What is -21133 (base 5) in base 2?
-10110001010
Convert -133d (base 14) to base 9.
-4573
Convert -3022 (base 15) to base 11.
-76a4
Convert 404 (base 5) to base 4.
1220
What is -3011 (base 6) in base 11?
-546
22103 (base 5) to base 16
5f8
-1508 (base 11) to base 14
-9cc
What is 1b2 (base 16) in base 5?
3214
Convert 2532 (base 6) to base 5.
10012
2231042 (base 5) to base 9
60183
What is 6214 (base 14) in base 6?
210042
26553 (base 9) to base 10
17949
101021011 (base 3) to base 14
2a27
What is -277a (base 11) in base 13?
-1838
What is 83470 (base 9) in base 10?
55062
1225 (base 9) to base 14
494
What is -702f (base 16) in base 9?
-43350
Convert 32200 (base 5) to base 6.
14023
Convert 3100013 (base 4) to base 16.
3407
Convert -5642 (base 7) to base 8.
-3767
-343 (base 15) to base 6
-3230
Convert 141 (base 13) to base 6.
1010
What is 7925 (base 10) in base 14?
2c61
Convert 322 (base 9) to base 12.
19b
What is 256 (base 9) in base 13?
135
Convert 1539d (base 15) to base 5.
4141243
Convert 42555 (base 6) to base 9.
7888
12206 (base 10) to base 15
393b
Convert -133 (base 9) to base 10.
-111
-59 (base 14) to base 16
-4f
6243 (base 9) to base 15
1550
-200020202 (base 3) to base 14
-4bc4
What is -10111101010 (base 2) in base 13?
-8c6
-364 (base 13) to base 12
-411
Convert -1002122012 (base 3) to base 6.
-244005
What is -10022 (base 3) in base 13?
-6b
-be (base 15) to base 16
-b3
Convert -15203 (base 9) to base 11.
-7879
Convert -7567 (base 14) to base 9.
-30732
Convert -426 (base 13) to base 4.
-23010
Convert -1c10 (base 16) to base 8.
-16020
Convert 1250 (base 9) to base 7.
2505
2837 (base 9) to base 16
85c
-732 (base 9) to base 13
-36b
465 (base 13) to base 5
11014
Convert -42 (base 12) to base 3.
-1212
What is 191 (base 16) in base 3?
112212
Convert -1111001000010 (base 2) to base 7.
-31404
Convert -1295 (base 10) to base 6.
-5555
Convert 11630 (base 10) to base 6.
125502
-2312220 (base 4) to base 6
-130040
-44711 (base 11) to base 14
-1984b
What is 20221022 (base 3) in base 13?
23c0
Convert 1111001001 (base 2) to base 7.
2553
Convert 3b1 (base 12) to base 4.
20311
What is -49a4 (base 14) in base 15?
-3c3e
102111 (base 3) to base 7
622
What is -10111010010 (base 2) in base 3?
-2001012
Convert -8490 (base 14) to base 8.
-54516
Convert -734 (base 9) to base 5.
-4343
What is 52404 (base 6) in base 4?
1232110
Convert -2207 (base 11) to base 7.
-11326
Convert -2dce (base 16) to base 10.
-11726
-1001001000101101 (base 2) to base 14
-d8cd
What is -10002 (base 6) in base 14?
-68a
5672 (base 8) to base 14
1146
Convert 412333 (base 5) to base 6.
142204
3110 (base 5) to base 3
120000
54641 (base 7) to base 15
40d5
-110101011 (base 2) to base 4
-12223
-5032 (base 6) to base 8
-2114
1cb2 (base 15) to base 16
1862
52a0 (base 12) to base 9
13363
Convert 1571 (base 10) to base 7.
4403
Convert -9ab (base 15) to base 3.
-2222222
What is -629 (base 16) in base 2?
-11000101001
Convert -276 (base 10) to base 15.
-136
What is -1046 (base 8) in base 6?
-2314
What is -542 (base 8) in base 5?
-2404
1120 (base 3) to base 5
132
-5682 (base 13) to base 3
-121121100
-10120 (base 4) to base 7
-550
Convert 107dd (base 15) to base 11.
36414
What is 10333330 (base 4) in base 3?
1001002101
Convert -2013 (base 6) to base 2.
-110111001
-832 (base 9) to base 8
-1245
-7c9 (base 14) to base 7
-4342
Convert -8c2 (base 13) to base 2.
-10111100110
What is -64 (base 8) in base 5?
-202
Convert 1c7 (base 15) to base 14.
216
Convert -428 (base 14) to base 5.
-11240
What is -12256 (base 8) in base 12?
-3092
Convert 260434 (base 7) to base 2.
1011110001110001
Convert 17782 (base 10) to base 11.
123a6
Convert 117c0 (base 15) to base 9.
84430
Convert -15333 (base 6) to base 13.
-11a9
What is -20402 (base 7) in base 13?
-2378
What is 200004 (base 6) in base 4?
3303010
What is 10671 (base 9) in base 14?
283d
-2099 (base 13) to base 16
-11a8
What is -a288 (base 13) in base 12?
-10b84
Convert 1100111110 (base 2) to base 14.
434
What is 200 (base 6) in base 15?
4c
-14005 (base 8) to base 12
-3685
22142 (base 8) to base 16
2462
What is -100101100001000 (base 2) in base 7?
-110000
What is -2331331 (base 4) in base 5?
-342112
4e4 (base 16) to base 2
10011100100
What is 21130 (base 4) in base 7?
1522
-65bd (base 16) to base 8
-62675
-58 (base 16) to base 15
-5d
What is 23634 (base 7) in base 3?
22102210
What is -117 (base 16) in base 13?
-186
Convert 1003102 (base 4) to base 5.
114211
100101110010 (base 2) to base 9
3276
What is 20112001 (base 3) in base 11?
3631
-23024 (base 6) to base 15
-e71
121021 (base 3) to base 4
12313
1726 (base 8) to base 2
1111010110
What is 10942 (base 11) in base 15?
4a1b
What is -10516 (base 7) in base 12?
-1657
Convert -34161 (base 8) to base 2.
-11100001110001
What is -260 (base 9) in base 12?
-160
What is